{"id":1538,"date":"2022-01-01T20:39:17","date_gmt":"2022-01-01T19:39:17","guid":{"rendered":"https:\/\/www.fassilmedsas.com\/?page_id=1538"},"modified":"2026-03-02T15:42:29","modified_gmt":"2026-03-02T14:42:29","slug":"colloidali-puri-fassilmed","status":"publish","type":"page","link":"https:\/\/www.fassilmedsas.com\/?page_id=1538","title":{"rendered":"Colloidali Puri"},"content":{"rendered":"\n<p class=\"wp-block-paragraph\">Scrivere \u201cPURO\u201d direttamente sull\u2019etichetta di un Colloidale, significa che il Ministero della Salute ha approvato la purezza del metodo di preparazione, oltre alla purezza della composizione del prodotto (particelle di Minerale o di Attivo pure al 99,9%).<br>La produzione dei nostri Colloidali \u00e8 brevettata tramite tecnologia italiana ed impedisce ai macchinari di entrare in contatto con il prodotto, trattato in ambiente sterile dall\u2019inizio del processo fino al confezionamento che avviene in PET scuro farmaceutico e non in vetro per evitare alterazioni nel tempo.<br>La forma Colloidale Spray permette agli attivi di essere completamente assorbiti dall\u2019organismo e di svolgere la loro funzione benefica velocemente.<br>I Colloidali non sono farmaci o medicinali. La loro assunzione non ha controindicazioni n\u00e9 effetti collaterali e non d\u00e0 alcun problema di accumulo o di sovradosaggio.<br>Questo metodo rivoluzionario \u00e8 l\u2019unico che permette di assumere solo il principio attivo scelto, senza altri elementi potenzialmente nocivi.<br>Inoltre, non deve essere ingerito e transitare attraverso l\u2019apparato digerente<br>I Colloidali Puri sono privi di qualsiasi tossicit\u00e0 ed agiscono in modo Olistico sul corpo, svolgendo una funzione benefica a livello mentale e psicologico e di conseguenza a livello emozionale.<\/p>\n\n\n<div class=\"wp-block-image is-resized\">\n<figure class=\"aligncenter size-full\"><img loading=\"lazy\" decoding=\"async\" width=\"750\" height=\"750\" src=\"https:\/\/www.fassilmedsas.com\/wp-content\/uploads\/2022\/01\/PURO-ARGENTO-2.jpeg\" alt=\"\" class=\"wp-image-1555\" srcset=\"https:\/\/www.fassilmedsas.com\/wp-content\/uploads\/2022\/01\/PURO-ARGENTO-2.jpeg 750w, https:\/\/www.fassilmedsas.com\/wp-content\/uploads\/2022\/01\/PURO-ARGENTO-2-300x300.jpeg 300w, https:\/\/www.fassilmedsas.com\/wp-content\/uploads\/2022\/01\/PURO-ARGENTO-2-150x150.jpeg 150w, https:\/\/www.fassilmedsas.com\/wp-content\/uploads\/2022\/01\/PURO-ARGENTO-2-720x720.jpeg 720w, https:\/\/www.fassilmedsas.com\/wp-content\/uploads\/2022\/01\/PURO-ARGENTO-2-560x560.jpeg 560w, https:\/\/www.fassilmedsas.com\/wp-content\/uploads\/2022\/01\/PURO-ARGENTO-2-100x100.jpeg 100w, https:\/\/www.fassilmedsas.com\/wp-content\/uploads\/2022\/01\/PURO-ARGENTO-2-60x60.jpeg 60w, https:\/\/www.fassilmedsas.com\/wp-content\/uploads\/2022\/01\/PURO-ARGENTO-2-90x90.jpeg 90w, https:\/\/www.fassilmedsas.com\/wp-content\/uploads\/2022\/01\/PURO-ARGENTO-2-400x400.jpeg 400w, https:\/\/www.fassilmedsas.com\/wp-content\/uploads\/2022\/01\/PURO-ARGENTO-2-200x200.jpeg 200w\" sizes=\"auto, (max-width: 750px) 100vw, 750px\" \/><figcaption class=\"wp-element-caption\"><strong>ARGENTO PURO<\/strong><br>L\u2019 Argento \u00e8 il pi\u00f9 potente antibatterico, antivirale, antibiotico, antifungineo che si conosca in natura.<br>Le Nanoparticelle del nostro ARGENTO PURO intercettano i batteri ed i funghi, legandosi alla loro parete cellulare e neutralizzano la loro respirazione. Con i virus, invece, si comporta diversamente: li ossida, riducendone l\u2019attivit\u00e0 fino a renderli inoffensivi.<br>CONSIGLIATO:<br>\u2022 Contro infezioni ed infiammazioni<br>\u2022 Contro micosi della pelle e del cuoio capelluto<br>\u2022 Contro forfora, psoriasi, dermatiti, acne, herpes<br>\u2022 Per tagli, ferite, bruciature<br>\u2022 Per disinfettare il cavo orale contro batteri e carie<br>\u2022 Contro anche i batteri antibiotico-resistenti nel trattamento di Staphylococcus aureus (infezioni vie aeree) ed Escherichiacoli (infezioni a livello intestinale)<br>\u2022 In aggiunta all\u2019antibiotico tradizionale, ne aumenta l\u2019efficacia fino a mille volte.<\/figcaption><\/figure>\n<\/div>\n\n<div class=\"wp-block-image is-resized\">\n<figure class=\"aligncenter size-full\"><img loading=\"lazy\" decoding=\"async\" width=\"750\" height=\"750\" src=\"https:\/\/www.fassilmedsas.com\/wp-content\/uploads\/2022\/01\/PURO-ORO-1.jpeg\" alt=\"\" class=\"wp-image-1547\" srcset=\"https:\/\/www.fassilmedsas.com\/wp-content\/uploads\/2022\/01\/PURO-ORO-1.jpeg 750w, https:\/\/www.fassilmedsas.com\/wp-content\/uploads\/2022\/01\/PURO-ORO-1-300x300.jpeg 300w, https:\/\/www.fassilmedsas.com\/wp-content\/uploads\/2022\/01\/PURO-ORO-1-150x150.jpeg 150w, https:\/\/www.fassilmedsas.com\/wp-content\/uploads\/2022\/01\/PURO-ORO-1-720x720.jpeg 720w, https:\/\/www.fassilmedsas.com\/wp-content\/uploads\/2022\/01\/PURO-ORO-1-560x560.jpeg 560w, https:\/\/www.fassilmedsas.com\/wp-content\/uploads\/2022\/01\/PURO-ORO-1-100x100.jpeg 100w, https:\/\/www.fassilmedsas.com\/wp-content\/uploads\/2022\/01\/PURO-ORO-1-60x60.jpeg 60w, https:\/\/www.fassilmedsas.com\/wp-content\/uploads\/2022\/01\/PURO-ORO-1-90x90.jpeg 90w, https:\/\/www.fassilmedsas.com\/wp-content\/uploads\/2022\/01\/PURO-ORO-1-400x400.jpeg 400w, https:\/\/www.fassilmedsas.com\/wp-content\/uploads\/2022\/01\/PURO-ORO-1-200x200.jpeg 200w\" sizes=\"auto, (max-width: 750px) 100vw, 750px\" \/><figcaption class=\"wp-element-caption\"><strong>ORO PURO<\/strong><br>L\u2019Oro Colloidale viene utilizzato per il ringiovanimento a livello fisico e mentale, per esigenze di concentrazione ed efficienza. Agisce come regolatore ormonale, ma la sua pi\u00f9 sorprendente funzione \u00e8 quella energetica.<br>Esso rinnova la Forza Vitale, agendo in profondit\u00e0 sul DNA del nucleo cellulare ed eliminando eventuali condizioni degenerative. Il Dr. Edward H. Ochsner, medico chirurgo sd Augustana (USA), ha scritto che l\u2019Oro Colloidale pu\u00f2 contribuire a distruggere le placche beta-amiloidi nella malattia di Alzheimer.<br>In natura, l\u2019oro si trovava nei tuberi, nella camomilla, nel tarassaco, nel grano e nelle alghe. Purtroppo, oggi non pi\u00f9 per lo sfruttamento dei terreni.<br>La carenza del prezioso elemento nell\u2019organismo \u00e8 una delle cause principali della sclerosi multipla e di molti disturbi neurologici.<br>CONSIGLIATO:<br>\u2022 Per controllare ansia, depressione e malumore<br>\u2022 Nei periodi di tristezza e frustrazione<br>\u2022 Per ridurre i gonfiori di borsiti e tendiniti<br>\u2022 Ottimo rimedio anti-age con funzione rigeneratrice sulla pelle<br>\u2022 Contro gli effetti della menopausa: vampate, brividi, sudorazione eccessiva, in quanto \u00e8 termoregolatore<br>\u2022 Ideale per gli studenti<br>\u2022 Contro impotenza e calo del desiderio<br>\u2022 Prolunga la vita<\/figcaption><\/figure>\n<\/div>\n\n<div class=\"wp-block-image is-resized\">\n<figure class=\"aligncenter size-full\"><img loading=\"lazy\" decoding=\"async\" width=\"750\" height=\"750\" src=\"https:\/\/www.fassilmedsas.com\/wp-content\/uploads\/2022\/01\/PURO-COLLAGENE-4.jpeg\" alt=\"\" class=\"wp-image-1560\" srcset=\"https:\/\/www.fassilmedsas.com\/wp-content\/uploads\/2022\/01\/PURO-COLLAGENE-4.jpeg 750w, https:\/\/www.fassilmedsas.com\/wp-content\/uploads\/2022\/01\/PURO-COLLAGENE-4-300x300.jpeg 300w, https:\/\/www.fassilmedsas.com\/wp-content\/uploads\/2022\/01\/PURO-COLLAGENE-4-150x150.jpeg 150w, https:\/\/www.fassilmedsas.com\/wp-content\/uploads\/2022\/01\/PURO-COLLAGENE-4-720x720.jpeg 720w, https:\/\/www.fassilmedsas.com\/wp-content\/uploads\/2022\/01\/PURO-COLLAGENE-4-560x560.jpeg 560w, https:\/\/www.fassilmedsas.com\/wp-content\/uploads\/2022\/01\/PURO-COLLAGENE-4-100x100.jpeg 100w, https:\/\/www.fassilmedsas.com\/wp-content\/uploads\/2022\/01\/PURO-COLLAGENE-4-60x60.jpeg 60w, https:\/\/www.fassilmedsas.com\/wp-content\/uploads\/2022\/01\/PURO-COLLAGENE-4-90x90.jpeg 90w, https:\/\/www.fassilmedsas.com\/wp-content\/uploads\/2022\/01\/PURO-COLLAGENE-4-400x400.jpeg 400w, https:\/\/www.fassilmedsas.com\/wp-content\/uploads\/2022\/01\/PURO-COLLAGENE-4-200x200.jpeg 200w\" sizes=\"auto, (max-width: 750px) 100vw, 750px\" \/><figcaption class=\"wp-element-caption\"><strong>COLLAGENE PURO<\/strong><br>Il nostro Collagene Puro di origine vegetale copre tutti e 4 i tipi di cui il nostro corpo ha bisogno (Collagene tipo I : rappresenta il 90% di quello presente nell\u2019organismo e fornisce struttura a pelle, ossa, tendini, cartilagine, tessuto connettivo e denti \u2013 Collagene tipo II : specifico del tessuto cartilagineo \u2013 Collagene tipo III : costituisce la struttura degli organi cavi, come vene, arterie, utero e intestino ed \u00e8 quello che elasticizza la pelle e cicatrizza in caso di ferite \u2013 Collagene tipo IV : componente della membrana basale). Spruzzato sotto la lingua, contribuisce al benessere dei tessuti e coadiuva il trattamento di malattie anche gravi come l\u2019artrite reumatoide e l\u2019osteoporosi. La sua forma colloidale ne consente un assorbimento anche nel derma, una volta spruzzato sulla pelle, in quanto le nanoparticelle oltrepassano l\u2019epidermide.<br>CONSIGLIATO:<br>\u2022 Per la sua notevole efficacia contro le rughe e l\u2019invecchiamento precoce della pelle.<br>\u2022 Contro smagliature e rilassamento cutaneo.<br>\u2022 Contro la debolezza di cartilagini, arterie, vene, muscoli.<br>\u2022 Impedisce lo sfregamento osseo<br>\u2022 Rinforza il cuoio capelluto ed aiuta la crescita regolare dei capelli.<\/figcaption><\/figure>\n<\/div>\n\n\n<p class=\"wp-block-paragraph\"><\/p>\n\n\n\n<figure class=\"wp-block-gallery has-nested-images columns-default is-cropped wp-block-gallery-1 is-layout-flex wp-block-gallery-is-layout-flex\"><\/figure>\n","protected":false},"excerpt":{"rendered":"<p>Scrivere \u201cPURO\u201d direttamente sull\u2019etichetta di un Colloidale, significa che il Ministero della Salute ha approvato la purezza del metodo di preparazione, oltre alla purezza della composizione del prodotto (particelle di Minerale o di Attivo pure al 99,9%).La produzione dei nostri Colloidali \u00e8 brevettata tramite tecnologia italiana ed impedisce ai macchinari di entrare in contatto con [&hellip;]<\/p>\n","protected":false},"author":183148539,"featured_media":0,"parent":0,"menu_order":0,"comment_status":"closed","ping_status":"closed","template":"","meta":{"_coblocks_attr":"","_coblocks_dimensions":"","_coblocks_responsive_height":"","_coblocks_accordion_ie_support":"","_crdt_document":"","_themeisle_gutenberg_block_has_review":false,"footnotes":""},"class_list":["post-1538","page","type-page","status-publish","hentry"],"amp_enabled":true,"_links":{"self":[{"href":"https:\/\/www.fassilmedsas.com\/index.php?rest_route=\/wp\/v2\/pages\/1538","targetHints":{"allow":["GET"]}}],"collection":[{"href":"https:\/\/www.fassilmedsas.com\/index.php?rest_route=\/wp\/v2\/pages"}],"about":[{"href":"https:\/\/www.fassilmedsas.com\/index.php?rest_route=\/wp\/v2\/types\/page"}],"author":[{"embeddable":true,"href":"https:\/\/www.fassilmedsas.com\/index.php?rest_route=\/wp\/v2\/users\/183148539"}],"replies":[{"embeddable":true,"href":"https:\/\/www.fassilmedsas.com\/index.php?rest_route=%2Fwp%2Fv2%2Fcomments&post=1538"}],"version-history":[{"count":21,"href":"https:\/\/www.fassilmedsas.com\/index.php?rest_route=\/wp\/v2\/pages\/1538\/revisions"}],"predecessor-version":[{"id":6772,"href":"https:\/\/www.fassilmedsas.com\/index.php?rest_route=\/wp\/v2\/pages\/1538\/revisions\/6772"}],"wp:attachment":[{"href":"https:\/\/www.fassilmedsas.com\/index.php?rest_route=%2Fwp%2Fv2%2Fmedia&parent=1538"}],"curies":[{"name":"wp","href":"https:\/\/api.w.org\/{rel}","templated":true}]}}