{"id":576,"date":"2020-12-28T10:10:59","date_gmt":"2020-12-28T09:10:59","guid":{"rendered":"https:\/\/www.fassilmedsas.com\/?post_type=product&#038;p=576"},"modified":"2026-01-26T17:06:33","modified_gmt":"2026-01-26T16:06:33","slug":"shampoo-neutro-dolce","status":"publish","type":"product","link":"https:\/\/www.fassilmedsas.com\/?product=shampoo-neutro-dolce","title":{"rendered":"Shampoo Neutro-Dolce"},"content":{"rendered":"<p>Lo Shampoo Neutro-Dolce, cos\u00ec chiamato per la sua delicata e sicura formulazione a base di Hamamelis Virginiana e Tilia Cordata, \u00e8 particolarmente indicato per la detersione della testina del beb\u00e8 e dei suoi sottili capelli.<br \/>\nE\u2019 caratterizzato da un elevato potere idrorestitutivo, tale da poter essere utilizzato con tutta tranquillit\u00e0 anche dagli adulti con esigenze di lavaggi quotidiani.<br \/>\nOttima la sua profumazione oceanica.<\/p>\n","protected":false},"excerpt":{"rendered":"<p>200ml<\/p>\n","protected":false},"featured_media":374,"comment_status":"open","ping_status":"closed","template":"","meta":{"_coblocks_attr":"","_coblocks_dimensions":"","_coblocks_responsive_height":"","_coblocks_accordion_ie_support":"","_crdt_document":"","_themeisle_gutenberg_block_has_review":false},"product_brand":[],"product_cat":[688637386],"product_tag":[],"class_list":{"0":"post-576","1":"product","2":"type-product","3":"status-publish","4":"has-post-thumbnail","6":"product_cat-linea-tricounico","8":"first","9":"instock","10":"taxable","11":"shipping-taxable","12":"purchasable","13":"product-type-simple"},"_links":{"self":[{"href":"https:\/\/www.fassilmedsas.com\/index.php?rest_route=\/wp\/v2\/product\/576","targetHints":{"allow":["GET"]}}],"collection":[{"href":"https:\/\/www.fassilmedsas.com\/index.php?rest_route=\/wp\/v2\/product"}],"about":[{"href":"https:\/\/www.fassilmedsas.com\/index.php?rest_route=\/wp\/v2\/types\/product"}],"replies":[{"embeddable":true,"href":"https:\/\/www.fassilmedsas.com\/index.php?rest_route=%2Fwp%2Fv2%2Fcomments&post=576"}],"wp:featuredmedia":[{"embeddable":true,"href":"https:\/\/www.fassilmedsas.com\/index.php?rest_route=\/wp\/v2\/media\/374"}],"wp:attachment":[{"href":"https:\/\/www.fassilmedsas.com\/index.php?rest_route=%2Fwp%2Fv2%2Fmedia&parent=576"}],"wp:term":[{"taxonomy":"product_brand","embeddable":true,"href":"https:\/\/www.fassilmedsas.com\/index.php?rest_route=%2Fwp%2Fv2%2Fproduct_brand&post=576"},{"taxonomy":"product_cat","embeddable":true,"href":"https:\/\/www.fassilmedsas.com\/index.php?rest_route=%2Fwp%2Fv2%2Fproduct_cat&post=576"},{"taxonomy":"product_tag","embeddable":true,"href":"https:\/\/www.fassilmedsas.com\/index.php?rest_route=%2Fwp%2Fv2%2Fproduct_tag&post=576"}],"curies":[{"name":"wp","href":"https:\/\/api.w.org\/{rel}","templated":true}]}}